culate the remainder when 16 is divided by 1.
0
Calculate the remainder when 5047 is divided by 33.
31
What is the remainder when 1681 is divided by 66?
31
Calculate the remainder when 118 is divided by 15.
13
What is the remainder when 115 is divided by 47?
21
What is the remainder when 17461 is divided by 37?
34
Calculate the remainder when 163 is divided by 28.
23
What is the remainder when 346 is divided by 154?
38
Calculate the remainder when 41 is divided by 33.
8
What is the remainder when 4177 is divided by 246?
241
Calculate the remainder when 53 is divided by 16.
5
Calculate the remainder when 603 is divided by 6.
3
Calculate the remainder when 1365 is divided by 12.
9
Calculate the remainder when 402 is divided by 168.
66
Calculate the remainder when 502 is divided by 4.
2
What is the remainder when 532 is divided by 6?
4
Calculate the remainder when 172 is divided by 117.
55
What is the remainder when 3284 is divided by 45?
44
Calculate the remainder when 92 is divided by 32.
28
Calculate the remainder when 1518 is divided by 40.
38
Calculate the remainder when 6646 is divided by 17.
16
What is the remainder when 449 is divided by 164?
121
What is the remainder when 909 is divided by 28?
13
What is the remainder when 5237 is divided by 20?
17
Calculate the remainder when 1312 is divided by 13.
12
What is the remainder when 297 is divided by 18?
9
Calculate the remainder when 441 is divided by 144.
9
Calculate the remainder when 925 is divided by 78.
67
What is the remainder when 18696 is divided by 170?
166
What is the remainder when 532 is divided by 32?
20
Calculate the remainder when 591 is divided by 43.
32
What is the remainder when 14340 is divided by 19?
14
What is the remainder when 303 is divided by 293?
10
What is the remainder when 825 is divided by 406?
13
What is the remainder when 376 is divided by 43?
32
Calculate the remainder when 500 is divided by 56.
52
What is the remainder when 82 is divided by 37?
8
What is the remainder when 353 is divided by 177?
176
Calculate the remainder when 5299 is divided by 4.
3
Calculate the remainder when 138 is divided by 19.
5
What is the remainder when 31 is divided by 5?
1
What is the remainder when 785 is divided by 144?
65
Calculate the remainder when 44 is divided by 3.
2
Calculate the remainder when 159 is divided by 8.
7
What is the remainder when 3821 is divided by 2?
1
Calculate the remainder when 17861 is divided by 203.
200
Calculate the remainder when 41 is divided by 28.
13
Calculate the remainder when 2341 is divided by 196.
185
Calculate the remainder when 59 is divided by 6.
5
Calculate the remainder when 368 is divided by 42.
32
Calculate the remainder when 42685 is divided by 23.
20
What is the remainder when 1085 is divided by 138?
119
Calculate the remainder when 142 is divided by 22.
10
Calculate the remainder when 467 is divided by 381.
86
What is the remainder when 375 is divided by 113?
36
Calculate the remainder when 44 is divided by 8.
4
Calculate the remainder when 117 is divided by 60.
57
Calculate the remainder when 135 is divided by 75.
60
What is the remainder when 2058 is divided by 9?
6
What is the remainder when 635 is divided by 170?
125
What is the remainder when 1042 is divided by 87?
85
Calculate the remainder when 4310 is divided by 131.
118
What is the remainder when 137 is divided by 36?
29
Calculate the remainder when 8842 is divided by 33.
31
What is the remainder when 71 is divided by 12?
11
Calculate the remainder when 78 is divided by 22.
12
What is the remainder when 174 is divided by 38?
22
What is the remainder when 249 is divided by 14?
11
Calculate the remainder when 220 is divided by 44.
0
Calculate the remainder when 335 is divided by 48.
47
Calculate the remainder when 531 is divided by 173.
12
What is the remainder when 663 is divided by 133?
131
Calculate the remainder when 716 is divided by 715.
1
What is the remainder when 251 is divided by 75?
26
Calculate the remainder when 89 is divided by 15.
14
Calculate the remainder when 353 is divided by 51.
47
What is the remainder when 686 is divided by 292?
102
What is the remainder when 407 is divided by 137?
133
What is the remainder when 293 is divided by 21?
20
What is the remainder when 4583 is divided by 98?
75
Calculate the remainder when 679 is divided by 28.
7
Calculate the remainder when 234 is divided by 222.
12
What is the remainder when 226 is divided by 33?
28
Calculate the remainder when 24 is divided by 9.
6
What is the remainder when 546 is divided by 9?
6
What is the remainder when 1039 is divided by 27?
13
What is the remainder when 69 is divided by 14?
13
What is the remainder when 732 is divided by 39?
30
Calculate the remainder when 147 is divided by 6.
3
Calculate the remainder when 1394 is divided by 91.
29
What is the remainder when 614 is divided by 76?
6
Calculate the remainder when 1143 is divided by 165.
153
Calculate the remainder when 500 is divided by 23.
17
What is the remainder when 2137 is divided by 3?
1
What is the remainder when 22 is divided by 4?
2
What is the remainder when 733 is divided by 23?
20
Calculate the remainder when 2390 is divided by 104.
102
Calculate the remainder when 104 is divided by 6.
2
Calculate the remainder when 1007 is divided by 113.
103
Calculate the remainder when 4533 is divided by 503.
6
Calculate the remainder when 1285 is divided by 56.
53
What is the remainder when 199 is divided by 67?
65
What is the remainder when 1780 is divided by 81?
79
Calculate the remainder when 1178 is divided by 235.
3
Calculate the remainder when 9259 is divided by 7.
5
Calculate the remainder when 943 is divided by 15.
13
What is the remainder when 162 is divided by 29?
17
What is the remainder when 3160 is divided by 198?
190
What is the remainder when 5994 is divided by 30?
24
Calculate the remainder when 542 is divided by 61.
54
What is the remainder when 286 is divided by 73?
67
What is the remainder when 723 is divided by 72?
3
Calculate the remainder when 2539 is divided by 66.
31
What is the remainder when 538 is divided by 106?
8
Calculate the remainder when 56 is divided by 34.
22
What is the remainder when 4500 is divided by 85?
80
What is the remainder when 1896 is divided by 146?
144
Calculate the remainder when 2637 is divided by 66.
63
Calculate the remainder when 205 is divided by 54.
43
Calculate the remainder when 995 is divided by 121.
27
Calculate the remainder when 954 is divided by 476.
2
Calculate the remainder when 133 is divided by 41.
10
What is the remainder when 1922 is divided by 74?
72
What is the remainder when 47067 is divided by 14?
13
Calculate the remainder when 1384 is divided by 22.
20
Calculate the remainder when 45 is divided by 36.
9
What is the remainder when 617 is divided by 11?
1
What is the remainder when 207 is divided by 100?
7
Calculate the remainder when 118 is divided by 51.
16
What is the remainder when 75 is divided by 7?
5
Calculate the remainder when 179 is divided by 47.
38
What is the remainder when 907 is divided by 76?
71
Calculate the remainder when 406 is divided by 34.
32
What is the remainder when 281 is divided by 72?
65
What is the remainder when 639 is divided by 211?
6
What is the remainder when 1096 is divided by 37?
23
What is the remainder when 7 is divided by 6?
1
Calculate the remainder when 534 is divided by 107.
106
What is the remainder when 277 is divided by 93?
91
Calculate the remainder when 1730 is divided by 42.
8
What is the remainder when 6659 is divided by 15?
14
What is the remainder when 431 is divided by 7?
4
What is the remainder when 915 is divided by 426?
63
Calculate the remainder when 449 is divided by 91.
85
What is the remainder when 340 is divided by 107?
19
Calculate the remainder when 507 is divided by 498.
9
What is the remainder when 121 is divided by 80?
41
Calculate the remainder when 162 is divided by 21.
15
Calculate the remainder when 339 is divided by 31.
29
What is the remainder when 170 is divided by 49?
23
What is the remainder when 225 is divided by 29?
22
Calculate the remainder when 3239 is divided by 171.
161
What is the remainder when 310 is divided by 33?
13
What is the remainder when 3674 is divided by 15?
14
Calcul